{"id":193,"date":"2024-05-24T15:58:04","date_gmt":"2024-05-24T15:58:04","guid":{"rendered":"https:\/\/btpmarket.ma\/?post_type=product&#038;p=193"},"modified":"2024-05-28T18:56:35","modified_gmt":"2024-05-28T18:56:35","slug":"vat-porcelanico-gris","status":"publish","type":"product","link":"https:\/\/btpmarket.ma\/?product=vat-porcelanico-gris","title":{"rendered":"VAT\u00ae PORCELANICO GRIS"},"content":{"rendered":"<p><img decoding=\"async\" src=\"https:\/\/encrypted-tbn0.gstatic.com\/images?q=tbn:ANd9GcTYGvZnFi1kpyNcvSdj72PjbxhMh_3Uxy9zjKGw1iKmjFPTtYtS\" alt=\"\" \/><\/p>\n<p>&nbsp;<\/p>\n<p>Le mortier colle VAT FLEXIBLE GRIS est formul\u00e9 \u00e0 base de ciment, granulats s\u00e9lectionn\u00e9s, additifs organiques et r\u00e9sines qui am\u00e9liorent la facilit\u00e9 de travail, la r\u00e9tention d&#8217;eau et l&#8217;adh\u00e9rence du ciment colle.<\/p>\n","protected":false},"excerpt":{"rendered":"<p><em>L&#8217;adh\u00e9sif VAT PORCEL\u00c1NICO GRIS est formul\u00e9 \u00e0 base de ciment, granulats s\u00e9lectionn\u00e9s, additifs organiques et r\u00e9sines qui am\u00e9liorent la facilit\u00e9 de travail, la r\u00e9tention d&#8217;eau et l&#8217;adh\u00e9rence du ciment colle.<\/em><\/p>\n<p>&nbsp;<\/p>\n","protected":false},"featured_media":4766,"comment_status":"open","ping_status":"closed","template":"","meta":{"_acf_changed":false},"product_cat":[29,20],"product_tag":[],"acf":[],"yoast_head":"<!-- This site is optimized with the Yoast SEO plugin v22.7 - https:\/\/yoast.com\/wordpress\/plugins\/seo\/ -->\n<title>VAT\u00ae PORCELANICO GRIS - btpmarket<\/title>\n<meta name=\"robots\" content=\"index, follow, max-snippet:-1, max-image-preview:large, max-video-preview:-1\" \/>\n<link rel=\"canonical\" href=\"https:\/\/btpmarket.ma\/?product=vat-porcelanico-gris\" \/>\n<meta property=\"og:locale\" content=\"en_US\" \/>\n<meta property=\"og:type\" content=\"article\" \/>\n<meta property=\"og:title\" content=\"VAT\u00ae PORCELANICO GRIS - btpmarket\" \/>\n<meta property=\"og:description\" content=\"L&#039;adh\u00e9sif VAT PORCEL\u00c1NICO GRIS est formul\u00e9 \u00e0 base de ciment, granulats s\u00e9lectionn\u00e9s, additifs organiques et r\u00e9sines qui am\u00e9liorent la facilit\u00e9 de travail, la r\u00e9tention d&#039;eau et l&#039;adh\u00e9rence du ciment colle.  &nbsp;\" \/>\n<meta property=\"og:url\" content=\"https:\/\/btpmarket.ma\/?product=vat-porcelanico-gris\" \/>\n<meta property=\"og:site_name\" content=\"btpmarket\" \/>\n<meta property=\"article:modified_time\" content=\"2024-05-28T18:56:35+00:00\" \/>\n<meta property=\"og:image\" content=\"https:\/\/btpmarket.ma\/wp-content\/uploads\/2024\/05\/152507707017554586_f1-2.jpg\" \/>\n\t<meta property=\"og:image:width\" content=\"435\" \/>\n\t<meta property=\"og:image:height\" content=\"373\" \/>\n\t<meta property=\"og:image:type\" content=\"image\/jpeg\" \/>\n<meta name=\"twitter:card\" content=\"summary_large_image\" \/>\n<script type=\"application\/ld+json\" class=\"yoast-schema-graph\">{\"@context\":\"https:\/\/schema.org\",\"@graph\":[{\"@type\":\"WebPage\",\"@id\":\"https:\/\/btpmarket.ma\/?product=vat-porcelanico-gris\",\"url\":\"https:\/\/btpmarket.ma\/?product=vat-porcelanico-gris\",\"name\":\"VAT\u00ae PORCELANICO GRIS - btpmarket\",\"isPartOf\":{\"@id\":\"https:\/\/btpmarket.ma\/#website\"},\"primaryImageOfPage\":{\"@id\":\"https:\/\/btpmarket.ma\/?product=vat-porcelanico-gris#primaryimage\"},\"image\":{\"@id\":\"https:\/\/btpmarket.ma\/?product=vat-porcelanico-gris#primaryimage\"},\"thumbnailUrl\":\"https:\/\/btpmarket.ma\/wp-content\/uploads\/2024\/05\/152507707017554586_f1-2.jpg\",\"datePublished\":\"2024-05-24T15:58:04+00:00\",\"dateModified\":\"2024-05-28T18:56:35+00:00\",\"breadcrumb\":{\"@id\":\"https:\/\/btpmarket.ma\/?product=vat-porcelanico-gris#breadcrumb\"},\"inLanguage\":\"en-US\",\"potentialAction\":[{\"@type\":\"ReadAction\",\"target\":[\"https:\/\/btpmarket.ma\/?product=vat-porcelanico-gris\"]}]},{\"@type\":\"ImageObject\",\"inLanguage\":\"en-US\",\"@id\":\"https:\/\/btpmarket.ma\/?product=vat-porcelanico-gris#primaryimage\",\"url\":\"https:\/\/btpmarket.ma\/wp-content\/uploads\/2024\/05\/152507707017554586_f1-2.jpg\",\"contentUrl\":\"https:\/\/btpmarket.ma\/wp-content\/uploads\/2024\/05\/152507707017554586_f1-2.jpg\",\"width\":435,\"height\":373},{\"@type\":\"BreadcrumbList\",\"@id\":\"https:\/\/btpmarket.ma\/?product=vat-porcelanico-gris#breadcrumb\",\"itemListElement\":[{\"@type\":\"ListItem\",\"position\":1,\"name\":\"Accueil\",\"item\":\"https:\/\/btpmarket.ma\/\"},{\"@type\":\"ListItem\",\"position\":2,\"name\":\"Products\",\"item\":\"https:\/\/btpmarket.ma\/?post_type=product\"},{\"@type\":\"ListItem\",\"position\":3,\"name\":\"Granite\",\"item\":\"https:\/\/btpmarket.ma\/?product_cat=granite\"},{\"@type\":\"ListItem\",\"position\":4,\"name\":\"CIMENTS COLLES\",\"item\":\"https:\/\/btpmarket.ma\/?product_cat=ciments-colles\"},{\"@type\":\"ListItem\",\"position\":5,\"name\":\"VAT\u00ae PORCELANICO GRIS\"}]},{\"@type\":\"WebSite\",\"@id\":\"https:\/\/btpmarket.ma\/#website\",\"url\":\"https:\/\/btpmarket.ma\/\",\"name\":\"btpmarket\",\"description\":\"\",\"publisher\":{\"@id\":\"https:\/\/btpmarket.ma\/#organization\"},\"potentialAction\":[{\"@type\":\"SearchAction\",\"target\":{\"@type\":\"EntryPoint\",\"urlTemplate\":\"https:\/\/btpmarket.ma\/?s={search_term_string}\"},\"query-input\":\"required name=search_term_string\"}],\"inLanguage\":\"en-US\"},{\"@type\":\"Organization\",\"@id\":\"https:\/\/btpmarket.ma\/#organization\",\"name\":\"btpmarket\",\"url\":\"https:\/\/btpmarket.ma\/\",\"logo\":{\"@type\":\"ImageObject\",\"inLanguage\":\"en-US\",\"@id\":\"https:\/\/btpmarket.ma\/#\/schema\/logo\/image\/\",\"url\":\"https:\/\/btpmarket.ma\/wp-content\/uploads\/2024\/05\/Asset-1.png\",\"contentUrl\":\"https:\/\/btpmarket.ma\/wp-content\/uploads\/2024\/05\/Asset-1.png\",\"width\":1000,\"height\":411,\"caption\":\"btpmarket\"},\"image\":{\"@id\":\"https:\/\/btpmarket.ma\/#\/schema\/logo\/image\/\"}}]}<\/script>\n<!-- \/ Yoast SEO plugin. -->","yoast_head_json":{"title":"VAT\u00ae PORCELANICO GRIS - btpmarket","robots":{"index":"index","follow":"follow","max-snippet":"max-snippet:-1","max-image-preview":"max-image-preview:large","max-video-preview":"max-video-preview:-1"},"canonical":"https:\/\/btpmarket.ma\/?product=vat-porcelanico-gris","og_locale":"en_US","og_type":"article","og_title":"VAT\u00ae PORCELANICO GRIS - btpmarket","og_description":"L'adh\u00e9sif VAT PORCEL\u00c1NICO GRIS est formul\u00e9 \u00e0 base de ciment, granulats s\u00e9lectionn\u00e9s, additifs organiques et r\u00e9sines qui am\u00e9liorent la facilit\u00e9 de travail, la r\u00e9tention d'eau et l'adh\u00e9rence du ciment colle.  &nbsp;","og_url":"https:\/\/btpmarket.ma\/?product=vat-porcelanico-gris","og_site_name":"btpmarket","article_modified_time":"2024-05-28T18:56:35+00:00","og_image":[{"width":435,"height":373,"url":"https:\/\/btpmarket.ma\/wp-content\/uploads\/2024\/05\/152507707017554586_f1-2.jpg","type":"image\/jpeg"}],"twitter_card":"summary_large_image","schema":{"@context":"https:\/\/schema.org","@graph":[{"@type":"WebPage","@id":"https:\/\/btpmarket.ma\/?product=vat-porcelanico-gris","url":"https:\/\/btpmarket.ma\/?product=vat-porcelanico-gris","name":"VAT\u00ae PORCELANICO GRIS - btpmarket","isPartOf":{"@id":"https:\/\/btpmarket.ma\/#website"},"primaryImageOfPage":{"@id":"https:\/\/btpmarket.ma\/?product=vat-porcelanico-gris#primaryimage"},"image":{"@id":"https:\/\/btpmarket.ma\/?product=vat-porcelanico-gris#primaryimage"},"thumbnailUrl":"https:\/\/btpmarket.ma\/wp-content\/uploads\/2024\/05\/152507707017554586_f1-2.jpg","datePublished":"2024-05-24T15:58:04+00:00","dateModified":"2024-05-28T18:56:35+00:00","breadcrumb":{"@id":"https:\/\/btpmarket.ma\/?product=vat-porcelanico-gris#breadcrumb"},"inLanguage":"en-US","potentialAction":[{"@type":"ReadAction","target":["https:\/\/btpmarket.ma\/?product=vat-porcelanico-gris"]}]},{"@type":"ImageObject","inLanguage":"en-US","@id":"https:\/\/btpmarket.ma\/?product=vat-porcelanico-gris#primaryimage","url":"https:\/\/btpmarket.ma\/wp-content\/uploads\/2024\/05\/152507707017554586_f1-2.jpg","contentUrl":"https:\/\/btpmarket.ma\/wp-content\/uploads\/2024\/05\/152507707017554586_f1-2.jpg","width":435,"height":373},{"@type":"BreadcrumbList","@id":"https:\/\/btpmarket.ma\/?product=vat-porcelanico-gris#breadcrumb","itemListElement":[{"@type":"ListItem","position":1,"name":"Accueil","item":"https:\/\/btpmarket.ma\/"},{"@type":"ListItem","position":2,"name":"Products","item":"https:\/\/btpmarket.ma\/?post_type=product"},{"@type":"ListItem","position":3,"name":"Granite","item":"https:\/\/btpmarket.ma\/?product_cat=granite"},{"@type":"ListItem","position":4,"name":"CIMENTS COLLES","item":"https:\/\/btpmarket.ma\/?product_cat=ciments-colles"},{"@type":"ListItem","position":5,"name":"VAT\u00ae PORCELANICO GRIS"}]},{"@type":"WebSite","@id":"https:\/\/btpmarket.ma\/#website","url":"https:\/\/btpmarket.ma\/","name":"btpmarket","description":"","publisher":{"@id":"https:\/\/btpmarket.ma\/#organization"},"potentialAction":[{"@type":"SearchAction","target":{"@type":"EntryPoint","urlTemplate":"https:\/\/btpmarket.ma\/?s={search_term_string}"},"query-input":"required name=search_term_string"}],"inLanguage":"en-US"},{"@type":"Organization","@id":"https:\/\/btpmarket.ma\/#organization","name":"btpmarket","url":"https:\/\/btpmarket.ma\/","logo":{"@type":"ImageObject","inLanguage":"en-US","@id":"https:\/\/btpmarket.ma\/#\/schema\/logo\/image\/","url":"https:\/\/btpmarket.ma\/wp-content\/uploads\/2024\/05\/Asset-1.png","contentUrl":"https:\/\/btpmarket.ma\/wp-content\/uploads\/2024\/05\/Asset-1.png","width":1000,"height":411,"caption":"btpmarket"},"image":{"@id":"https:\/\/btpmarket.ma\/#\/schema\/logo\/image\/"}}]}},"_links":{"self":[{"href":"https:\/\/btpmarket.ma\/index.php?rest_route=\/wp\/v2\/product\/193"}],"collection":[{"href":"https:\/\/btpmarket.ma\/index.php?rest_route=\/wp\/v2\/product"}],"about":[{"href":"https:\/\/btpmarket.ma\/index.php?rest_route=\/wp\/v2\/types\/product"}],"replies":[{"embeddable":true,"href":"https:\/\/btpmarket.ma\/index.php?rest_route=%2Fwp%2Fv2%2Fcomments&post=193"}],"wp:featuredmedia":[{"embeddable":true,"href":"https:\/\/btpmarket.ma\/index.php?rest_route=\/wp\/v2\/media\/4766"}],"wp:attachment":[{"href":"https:\/\/btpmarket.ma\/index.php?rest_route=%2Fwp%2Fv2%2Fmedia&parent=193"}],"wp:term":[{"taxonomy":"product_cat","embeddable":true,"href":"https:\/\/btpmarket.ma\/index.php?rest_route=%2Fwp%2Fv2%2Fproduct_cat&post=193"},{"taxonomy":"product_tag","embeddable":true,"href":"https:\/\/btpmarket.ma\/index.php?rest_route=%2Fwp%2Fv2%2Fproduct_tag&post=193"}],"curies":[{"name":"wp","href":"https:\/\/api.w.org\/{rel}","templated":true}]}}