{"id":4756,"date":"2024-05-28T15:28:27","date_gmt":"2024-05-28T15:28:27","guid":{"rendered":"https:\/\/btpmarket.ma\/?post_type=product&#038;p=4756"},"modified":"2024-05-28T15:28:28","modified_gmt":"2024-05-28T15:28:28","slug":"fibradur-2","status":"publish","type":"product","link":"https:\/\/btpmarket.ma\/?product=fibradur-2","title":{"rendered":"FIBRADUR"},"content":{"rendered":"<div class=\"elementor-element elementor-element-ebcdf35 elementor-widget elementor-widget-heading\" data-id=\"ebcdf35\" data-element_type=\"widget\" data-widget_type=\"heading.default\">\n<div class=\"elementor-widget-container\">\n<h2 class=\"elementor-heading-title elementor-size-default\">Domaines d&#8217;application<\/h2>\n<\/div>\n<\/div>\n<div class=\"elementor-element elementor-element-00b8eee texto-contenido elementor-widget elementor-widget-shortcode\" data-id=\"00b8eee\" data-element_type=\"widget\" data-widget_type=\"shortcode.default\">\n<div class=\"elementor-widget-container\">Le produit est employ\u00e9 comme additif pour ex\u00e9cuter: Sols industriels. Dalles en b\u00e9ton, planchers-dalles et radiers. \u00c9l\u00e9ments pr\u00e9fabriqu\u00e9s. Mortiers et b\u00e9tons projet\u00e9s. Routes. B\u00e9tons et mortiers haute r\u00e9sistance \u00e0 l&#8217;impact. Repl\u00e2trage de fa\u00e7ades.<\/p>\n<div class=\"elementor-shortcode\"><\/div>\n<\/div>\n<\/div>\n<div class=\"elementor-element elementor-element-d564214 elementor-widget elementor-widget-heading\" data-id=\"d564214\" data-element_type=\"widget\" data-widget_type=\"heading.default\">\n<div class=\"elementor-widget-container\">\n<h2 class=\"elementor-heading-title elementor-size-default\">Propri\u00e9t\u00e9s<\/h2>\n<\/div>\n<\/div>\n<div class=\"elementor-element elementor-element-cf399e4 texto-contenido elementor-widget elementor-widget-shortcode\" data-id=\"cf399e4\" data-element_type=\"widget\" data-widget_type=\"shortcode.default\">\n<div class=\"elementor-widget-container\">Il r\u00e9duit la fissuration par retrait. Il se disperse facilement dans le m\u00e9lange en formant un r\u00e9seau tridimensionnel compl\u00e8tement homog\u00e8ne. FIBRADUR s&#8217;ajoute au b\u00e9ton pour am\u00e9liorer le comportement de flexotraction, traction et impact sur toute la surface. Il am\u00e9liore l&#8217;imperm\u00e9abilit\u00e9 et la durabilit\u00e9 du b\u00e9ton. Il am\u00e9liore la r\u00e9sistance \u00e0 l&#8217;abrasion. Haute r\u00e9sistance chimique. Il est r\u00e9sistant aux alcalis et aux rayons UV. Il \u00e9vite la d\u00e9sagr\u00e9gation.<\/p>\n<div class=\"elementor-shortcode\"><\/div>\n<\/div>\n<\/div>\n<div class=\"elementor-element elementor-element-49c907e elementor-widget elementor-widget-heading\" data-id=\"49c907e\" data-element_type=\"widget\" data-widget_type=\"heading.default\">\n<div class=\"elementor-widget-container\">\n<h2 class=\"elementor-heading-title elementor-size-default\">Consommation<\/h2>\n<\/div>\n<\/div>\n<div class=\"elementor-element elementor-element-313ffdf texto-contenido elementor-widget elementor-widget-shortcode\" data-id=\"313ffdf\" data-element_type=\"widget\" data-widget_type=\"shortcode.default\">\n<div class=\"elementor-widget-container\">Le dosage habituel est de: Un sac autodestructible de 600 g de fibres de 12 mm par m3 de b\u00e9ton. Un sac autodestructible de 140 g de fibres de 6 mm par 50 kg de mortie<\/div>\n<\/div>\n","protected":false},"excerpt":{"rendered":"<p>FIBRADUR ce sont des fibres de polypropyl\u00e8ne multi-filament, coup\u00e9es et r\u00e9sistantes aux alcali, con\u00e7ues pour leur ajout aux b\u00e9tons et aux mortiers afin de r\u00e9duire l\u2019apparition de fissures par r\u00e9traction, am\u00e9liorant la qualit\u00e9 et la durabilit\u00e9 de la structure mise en oeuvre. Il respecte les exigences de la norme EN 14889-2.<\/p>\n","protected":false},"featured_media":4757,"comment_status":"open","ping_status":"closed","template":"","meta":{"_acf_changed":false},"product_cat":[32,20],"product_tag":[],"acf":[],"yoast_head":"<!-- This site is optimized with the Yoast SEO plugin v22.7 - https:\/\/yoast.com\/wordpress\/plugins\/seo\/ -->\n<title>FIBRADUR - btpmarket<\/title>\n<meta name=\"robots\" content=\"index, follow, max-snippet:-1, max-image-preview:large, max-video-preview:-1\" \/>\n<link rel=\"canonical\" href=\"https:\/\/btpmarket.ma\/?product=fibradur-2\" \/>\n<meta property=\"og:locale\" content=\"en_US\" \/>\n<meta property=\"og:type\" content=\"article\" \/>\n<meta property=\"og:title\" content=\"FIBRADUR - btpmarket\" \/>\n<meta property=\"og:description\" content=\"FIBRADUR ce sont des fibres de polypropyl\u00e8ne multi-filament, coup\u00e9es et r\u00e9sistantes aux alcali, con\u00e7ues pour leur ajout aux b\u00e9tons et aux mortiers afin de r\u00e9duire l\u2019apparition de fissures par r\u00e9traction, am\u00e9liorant la qualit\u00e9 et la durabilit\u00e9 de la structure mise en oeuvre. Il respecte les exigences de la norme EN 14889-2.\" \/>\n<meta property=\"og:url\" content=\"https:\/\/btpmarket.ma\/?product=fibradur-2\" \/>\n<meta property=\"og:site_name\" content=\"btpmarket\" \/>\n<meta property=\"article:modified_time\" content=\"2024-05-28T15:28:28+00:00\" \/>\n<meta property=\"og:image\" content=\"https:\/\/btpmarket.ma\/wp-content\/uploads\/2024\/05\/images-7.jpg\" \/>\n\t<meta property=\"og:image:width\" content=\"259\" \/>\n\t<meta property=\"og:image:height\" content=\"194\" \/>\n\t<meta property=\"og:image:type\" content=\"image\/jpeg\" \/>\n<meta name=\"twitter:card\" content=\"summary_large_image\" \/>\n<meta name=\"twitter:label1\" content=\"Est. reading time\" \/>\n\t<meta name=\"twitter:data1\" content=\"1 minute\" \/>\n<script type=\"application\/ld+json\" class=\"yoast-schema-graph\">{\"@context\":\"https:\/\/schema.org\",\"@graph\":[{\"@type\":\"WebPage\",\"@id\":\"https:\/\/btpmarket.ma\/?product=fibradur-2\",\"url\":\"https:\/\/btpmarket.ma\/?product=fibradur-2\",\"name\":\"FIBRADUR - btpmarket\",\"isPartOf\":{\"@id\":\"https:\/\/btpmarket.ma\/#website\"},\"primaryImageOfPage\":{\"@id\":\"https:\/\/btpmarket.ma\/?product=fibradur-2#primaryimage\"},\"image\":{\"@id\":\"https:\/\/btpmarket.ma\/?product=fibradur-2#primaryimage\"},\"thumbnailUrl\":\"https:\/\/btpmarket.ma\/wp-content\/uploads\/2024\/05\/images-7.jpg\",\"datePublished\":\"2024-05-28T15:28:27+00:00\",\"dateModified\":\"2024-05-28T15:28:28+00:00\",\"breadcrumb\":{\"@id\":\"https:\/\/btpmarket.ma\/?product=fibradur-2#breadcrumb\"},\"inLanguage\":\"en-US\",\"potentialAction\":[{\"@type\":\"ReadAction\",\"target\":[\"https:\/\/btpmarket.ma\/?product=fibradur-2\"]}]},{\"@type\":\"ImageObject\",\"inLanguage\":\"en-US\",\"@id\":\"https:\/\/btpmarket.ma\/?product=fibradur-2#primaryimage\",\"url\":\"https:\/\/btpmarket.ma\/wp-content\/uploads\/2024\/05\/images-7.jpg\",\"contentUrl\":\"https:\/\/btpmarket.ma\/wp-content\/uploads\/2024\/05\/images-7.jpg\",\"width\":259,\"height\":194},{\"@type\":\"BreadcrumbList\",\"@id\":\"https:\/\/btpmarket.ma\/?product=fibradur-2#breadcrumb\",\"itemListElement\":[{\"@type\":\"ListItem\",\"position\":1,\"name\":\"Accueil\",\"item\":\"https:\/\/btpmarket.ma\/\"},{\"@type\":\"ListItem\",\"position\":2,\"name\":\"Products\",\"item\":\"https:\/\/btpmarket.ma\/?post_type=product\"},{\"@type\":\"ListItem\",\"position\":3,\"name\":\"Granite\",\"item\":\"https:\/\/btpmarket.ma\/?product_cat=granite\"},{\"@type\":\"ListItem\",\"position\":4,\"name\":\"FIBRES\",\"item\":\"https:\/\/btpmarket.ma\/?product_cat=fibres\"},{\"@type\":\"ListItem\",\"position\":5,\"name\":\"FIBRADUR\"}]},{\"@type\":\"WebSite\",\"@id\":\"https:\/\/btpmarket.ma\/#website\",\"url\":\"https:\/\/btpmarket.ma\/\",\"name\":\"btpmarket\",\"description\":\"\",\"publisher\":{\"@id\":\"https:\/\/btpmarket.ma\/#organization\"},\"potentialAction\":[{\"@type\":\"SearchAction\",\"target\":{\"@type\":\"EntryPoint\",\"urlTemplate\":\"https:\/\/btpmarket.ma\/?s={search_term_string}\"},\"query-input\":\"required name=search_term_string\"}],\"inLanguage\":\"en-US\"},{\"@type\":\"Organization\",\"@id\":\"https:\/\/btpmarket.ma\/#organization\",\"name\":\"btpmarket\",\"url\":\"https:\/\/btpmarket.ma\/\",\"logo\":{\"@type\":\"ImageObject\",\"inLanguage\":\"en-US\",\"@id\":\"https:\/\/btpmarket.ma\/#\/schema\/logo\/image\/\",\"url\":\"https:\/\/btpmarket.ma\/wp-content\/uploads\/2024\/05\/Asset-1.png\",\"contentUrl\":\"https:\/\/btpmarket.ma\/wp-content\/uploads\/2024\/05\/Asset-1.png\",\"width\":1000,\"height\":411,\"caption\":\"btpmarket\"},\"image\":{\"@id\":\"https:\/\/btpmarket.ma\/#\/schema\/logo\/image\/\"}}]}<\/script>\n<!-- \/ Yoast SEO plugin. -->","yoast_head_json":{"title":"FIBRADUR - btpmarket","robots":{"index":"index","follow":"follow","max-snippet":"max-snippet:-1","max-image-preview":"max-image-preview:large","max-video-preview":"max-video-preview:-1"},"canonical":"https:\/\/btpmarket.ma\/?product=fibradur-2","og_locale":"en_US","og_type":"article","og_title":"FIBRADUR - btpmarket","og_description":"FIBRADUR ce sont des fibres de polypropyl\u00e8ne multi-filament, coup\u00e9es et r\u00e9sistantes aux alcali, con\u00e7ues pour leur ajout aux b\u00e9tons et aux mortiers afin de r\u00e9duire l\u2019apparition de fissures par r\u00e9traction, am\u00e9liorant la qualit\u00e9 et la durabilit\u00e9 de la structure mise en oeuvre. Il respecte les exigences de la norme EN 14889-2.","og_url":"https:\/\/btpmarket.ma\/?product=fibradur-2","og_site_name":"btpmarket","article_modified_time":"2024-05-28T15:28:28+00:00","og_image":[{"width":259,"height":194,"url":"https:\/\/btpmarket.ma\/wp-content\/uploads\/2024\/05\/images-7.jpg","type":"image\/jpeg"}],"twitter_card":"summary_large_image","twitter_misc":{"Est. reading time":"1 minute"},"schema":{"@context":"https:\/\/schema.org","@graph":[{"@type":"WebPage","@id":"https:\/\/btpmarket.ma\/?product=fibradur-2","url":"https:\/\/btpmarket.ma\/?product=fibradur-2","name":"FIBRADUR - btpmarket","isPartOf":{"@id":"https:\/\/btpmarket.ma\/#website"},"primaryImageOfPage":{"@id":"https:\/\/btpmarket.ma\/?product=fibradur-2#primaryimage"},"image":{"@id":"https:\/\/btpmarket.ma\/?product=fibradur-2#primaryimage"},"thumbnailUrl":"https:\/\/btpmarket.ma\/wp-content\/uploads\/2024\/05\/images-7.jpg","datePublished":"2024-05-28T15:28:27+00:00","dateModified":"2024-05-28T15:28:28+00:00","breadcrumb":{"@id":"https:\/\/btpmarket.ma\/?product=fibradur-2#breadcrumb"},"inLanguage":"en-US","potentialAction":[{"@type":"ReadAction","target":["https:\/\/btpmarket.ma\/?product=fibradur-2"]}]},{"@type":"ImageObject","inLanguage":"en-US","@id":"https:\/\/btpmarket.ma\/?product=fibradur-2#primaryimage","url":"https:\/\/btpmarket.ma\/wp-content\/uploads\/2024\/05\/images-7.jpg","contentUrl":"https:\/\/btpmarket.ma\/wp-content\/uploads\/2024\/05\/images-7.jpg","width":259,"height":194},{"@type":"BreadcrumbList","@id":"https:\/\/btpmarket.ma\/?product=fibradur-2#breadcrumb","itemListElement":[{"@type":"ListItem","position":1,"name":"Accueil","item":"https:\/\/btpmarket.ma\/"},{"@type":"ListItem","position":2,"name":"Products","item":"https:\/\/btpmarket.ma\/?post_type=product"},{"@type":"ListItem","position":3,"name":"Granite","item":"https:\/\/btpmarket.ma\/?product_cat=granite"},{"@type":"ListItem","position":4,"name":"FIBRES","item":"https:\/\/btpmarket.ma\/?product_cat=fibres"},{"@type":"ListItem","position":5,"name":"FIBRADUR"}]},{"@type":"WebSite","@id":"https:\/\/btpmarket.ma\/#website","url":"https:\/\/btpmarket.ma\/","name":"btpmarket","description":"","publisher":{"@id":"https:\/\/btpmarket.ma\/#organization"},"potentialAction":[{"@type":"SearchAction","target":{"@type":"EntryPoint","urlTemplate":"https:\/\/btpmarket.ma\/?s={search_term_string}"},"query-input":"required name=search_term_string"}],"inLanguage":"en-US"},{"@type":"Organization","@id":"https:\/\/btpmarket.ma\/#organization","name":"btpmarket","url":"https:\/\/btpmarket.ma\/","logo":{"@type":"ImageObject","inLanguage":"en-US","@id":"https:\/\/btpmarket.ma\/#\/schema\/logo\/image\/","url":"https:\/\/btpmarket.ma\/wp-content\/uploads\/2024\/05\/Asset-1.png","contentUrl":"https:\/\/btpmarket.ma\/wp-content\/uploads\/2024\/05\/Asset-1.png","width":1000,"height":411,"caption":"btpmarket"},"image":{"@id":"https:\/\/btpmarket.ma\/#\/schema\/logo\/image\/"}}]}},"_links":{"self":[{"href":"https:\/\/btpmarket.ma\/index.php?rest_route=\/wp\/v2\/product\/4756"}],"collection":[{"href":"https:\/\/btpmarket.ma\/index.php?rest_route=\/wp\/v2\/product"}],"about":[{"href":"https:\/\/btpmarket.ma\/index.php?rest_route=\/wp\/v2\/types\/product"}],"replies":[{"embeddable":true,"href":"https:\/\/btpmarket.ma\/index.php?rest_route=%2Fwp%2Fv2%2Fcomments&post=4756"}],"wp:featuredmedia":[{"embeddable":true,"href":"https:\/\/btpmarket.ma\/index.php?rest_route=\/wp\/v2\/media\/4757"}],"wp:attachment":[{"href":"https:\/\/btpmarket.ma\/index.php?rest_route=%2Fwp%2Fv2%2Fmedia&parent=4756"}],"wp:term":[{"taxonomy":"product_cat","embeddable":true,"href":"https:\/\/btpmarket.ma\/index.php?rest_route=%2Fwp%2Fv2%2Fproduct_cat&post=4756"},{"taxonomy":"product_tag","embeddable":true,"href":"https:\/\/btpmarket.ma\/index.php?rest_route=%2Fwp%2Fv2%2Fproduct_tag&post=4756"}],"curies":[{"name":"wp","href":"https:\/\/api.w.org\/{rel}","templated":true}]}}