{"id":4963,"date":"2024-05-30T18:21:21","date_gmt":"2024-05-30T18:21:21","guid":{"rendered":"https:\/\/btpmarket.ma\/?post_type=product&#038;p=4963"},"modified":"2024-05-30T18:21:22","modified_gmt":"2024-05-30T18:21:22","slug":"propam-refractario","status":"publish","type":"product","link":"https:\/\/btpmarket.ma\/?product=propam-refractario","title":{"rendered":"PROPAM REFRACTARIO"},"content":{"rendered":"<p><strong>APPLICATIONS<\/strong><\/p>\n<p>&nbsp;<\/p>\n<p>Le mortier PROPAM REFRACTARIO est indiqu\u00e9 pour poser les briques r\u00e9fractaires pour les fours, chemin\u00e9es, barbecue, etc., tant en int\u00e9rieurs qu&#8217;en ext\u00e9rieurs.<\/p>\n<p>Il est \u00e9galement appropri\u00e9 pour rev\u00eatir les murs soumis \u00e0 des ambiances de contact avec le feu ou temp\u00e9ratures \u00e9lev\u00e9es.<\/p>\n<p>&nbsp;<\/p>\n<p><strong>PROPRI\u00c9T\u00c9S<\/strong><\/p>\n<p>Facilit\u00e9 de mise en oeuvre. R\u00e9siste jusqu&#8217;\u00e0 1200\u00ba C. Grandes r\u00e9sistances m\u00e9caniques<\/p>\n<p>&nbsp;<\/p>\n<p><strong>SUPPORT<\/strong><\/p>\n<p>Le support de mortier doit \u00eatre r\u00e9sistant, avoir compl\u00e8tement pris et ne pas avoir de poussi\u00e8re. Ne pas appliquer sur pl\u00e2tre, peinture ou autre surface pouvant se d\u00e9sagr\u00e9ger ou sans absorption.<\/p>\n<p>En cas d&#8217;exposition aux rayons du soleil ou s&#8217;il est tr\u00e8s absorbant, il est recommand\u00e9 de<\/p>\n<p>l&#8217;humidifier d&#8217;abord.<\/p>\n","protected":false},"excerpt":{"rendered":"<p>Le mortier PROPAM REFRACTARIO est formul\u00e9 \u00e0 base de ciment fondu et de granulats sp\u00e9ciaux qui lui donnent la capacit\u00e9 de r\u00e9sister \u00e0 des temp\u00e9ratures jusqu&#8217;\u00e0 1200\u00baC.<\/p>\n","protected":false},"featured_media":4964,"comment_status":"open","ping_status":"closed","template":"","meta":{"_acf_changed":false},"product_cat":[311,22],"product_tag":[],"acf":[],"yoast_head":"<!-- This site is optimized with the Yoast SEO plugin v22.7 - https:\/\/yoast.com\/wordpress\/plugins\/seo\/ -->\n<title>PROPAM REFRACTARIO - btpmarket<\/title>\n<meta name=\"robots\" content=\"index, follow, max-snippet:-1, max-image-preview:large, max-video-preview:-1\" \/>\n<link rel=\"canonical\" href=\"https:\/\/btpmarket.ma\/?product=propam-refractario\" \/>\n<meta property=\"og:locale\" content=\"en_US\" \/>\n<meta property=\"og:type\" content=\"article\" \/>\n<meta property=\"og:title\" content=\"PROPAM REFRACTARIO - btpmarket\" \/>\n<meta property=\"og:description\" content=\"Le mortier PROPAM REFRACTARIO est formul\u00e9 \u00e0 base de ciment fondu et de granulats sp\u00e9ciaux qui lui donnent la capacit\u00e9 de r\u00e9sister \u00e0 des temp\u00e9ratures jusqu&#039;\u00e0 1200\u00baC.\" \/>\n<meta property=\"og:url\" content=\"https:\/\/btpmarket.ma\/?product=propam-refractario\" \/>\n<meta property=\"og:site_name\" content=\"btpmarket\" \/>\n<meta property=\"article:modified_time\" content=\"2024-05-30T18:21:22+00:00\" \/>\n<meta property=\"og:image\" content=\"https:\/\/btpmarket.ma\/wp-content\/uploads\/2024\/05\/1473413850raspardo.jpg\" \/>\n\t<meta property=\"og:image:width\" content=\"149\" \/>\n\t<meta property=\"og:image:height\" content=\"194\" \/>\n\t<meta property=\"og:image:type\" content=\"image\/jpeg\" \/>\n<meta name=\"twitter:card\" content=\"summary_large_image\" \/>\n<meta name=\"twitter:label1\" content=\"Est. reading time\" \/>\n\t<meta name=\"twitter:data1\" content=\"1 minute\" \/>\n<script type=\"application\/ld+json\" class=\"yoast-schema-graph\">{\"@context\":\"https:\/\/schema.org\",\"@graph\":[{\"@type\":\"WebPage\",\"@id\":\"https:\/\/btpmarket.ma\/?product=propam-refractario\",\"url\":\"https:\/\/btpmarket.ma\/?product=propam-refractario\",\"name\":\"PROPAM REFRACTARIO - btpmarket\",\"isPartOf\":{\"@id\":\"https:\/\/btpmarket.ma\/#website\"},\"primaryImageOfPage\":{\"@id\":\"https:\/\/btpmarket.ma\/?product=propam-refractario#primaryimage\"},\"image\":{\"@id\":\"https:\/\/btpmarket.ma\/?product=propam-refractario#primaryimage\"},\"thumbnailUrl\":\"https:\/\/btpmarket.ma\/wp-content\/uploads\/2024\/05\/1473413850raspardo.jpg\",\"datePublished\":\"2024-05-30T18:21:21+00:00\",\"dateModified\":\"2024-05-30T18:21:22+00:00\",\"breadcrumb\":{\"@id\":\"https:\/\/btpmarket.ma\/?product=propam-refractario#breadcrumb\"},\"inLanguage\":\"en-US\",\"potentialAction\":[{\"@type\":\"ReadAction\",\"target\":[\"https:\/\/btpmarket.ma\/?product=propam-refractario\"]}]},{\"@type\":\"ImageObject\",\"inLanguage\":\"en-US\",\"@id\":\"https:\/\/btpmarket.ma\/?product=propam-refractario#primaryimage\",\"url\":\"https:\/\/btpmarket.ma\/wp-content\/uploads\/2024\/05\/1473413850raspardo.jpg\",\"contentUrl\":\"https:\/\/btpmarket.ma\/wp-content\/uploads\/2024\/05\/1473413850raspardo.jpg\",\"width\":149,\"height\":194},{\"@type\":\"BreadcrumbList\",\"@id\":\"https:\/\/btpmarket.ma\/?product=propam-refractario#breadcrumb\",\"itemListElement\":[{\"@type\":\"ListItem\",\"position\":1,\"name\":\"Accueil\",\"item\":\"https:\/\/btpmarket.ma\/\"},{\"@type\":\"ListItem\",\"position\":2,\"name\":\"Products\",\"item\":\"https:\/\/btpmarket.ma\/?post_type=product\"},{\"@type\":\"ListItem\",\"position\":3,\"name\":\"PRODUITS SP\u00c9CIAUX\",\"item\":\"https:\/\/btpmarket.ma\/?product_cat=produits-speciaux\"},{\"@type\":\"ListItem\",\"position\":4,\"name\":\"MORTIER R\u00c9FRACTAIRE\",\"item\":\"https:\/\/btpmarket.ma\/?product_cat=mortier-refractaire\"},{\"@type\":\"ListItem\",\"position\":5,\"name\":\"PROPAM REFRACTARIO\"}]},{\"@type\":\"WebSite\",\"@id\":\"https:\/\/btpmarket.ma\/#website\",\"url\":\"https:\/\/btpmarket.ma\/\",\"name\":\"btpmarket\",\"description\":\"\",\"publisher\":{\"@id\":\"https:\/\/btpmarket.ma\/#organization\"},\"potentialAction\":[{\"@type\":\"SearchAction\",\"target\":{\"@type\":\"EntryPoint\",\"urlTemplate\":\"https:\/\/btpmarket.ma\/?s={search_term_string}\"},\"query-input\":\"required name=search_term_string\"}],\"inLanguage\":\"en-US\"},{\"@type\":\"Organization\",\"@id\":\"https:\/\/btpmarket.ma\/#organization\",\"name\":\"btpmarket\",\"url\":\"https:\/\/btpmarket.ma\/\",\"logo\":{\"@type\":\"ImageObject\",\"inLanguage\":\"en-US\",\"@id\":\"https:\/\/btpmarket.ma\/#\/schema\/logo\/image\/\",\"url\":\"https:\/\/btpmarket.ma\/wp-content\/uploads\/2024\/05\/Asset-1.png\",\"contentUrl\":\"https:\/\/btpmarket.ma\/wp-content\/uploads\/2024\/05\/Asset-1.png\",\"width\":1000,\"height\":411,\"caption\":\"btpmarket\"},\"image\":{\"@id\":\"https:\/\/btpmarket.ma\/#\/schema\/logo\/image\/\"}}]}<\/script>\n<!-- \/ Yoast SEO plugin. -->","yoast_head_json":{"title":"PROPAM REFRACTARIO - btpmarket","robots":{"index":"index","follow":"follow","max-snippet":"max-snippet:-1","max-image-preview":"max-image-preview:large","max-video-preview":"max-video-preview:-1"},"canonical":"https:\/\/btpmarket.ma\/?product=propam-refractario","og_locale":"en_US","og_type":"article","og_title":"PROPAM REFRACTARIO - btpmarket","og_description":"Le mortier PROPAM REFRACTARIO est formul\u00e9 \u00e0 base de ciment fondu et de granulats sp\u00e9ciaux qui lui donnent la capacit\u00e9 de r\u00e9sister \u00e0 des temp\u00e9ratures jusqu'\u00e0 1200\u00baC.","og_url":"https:\/\/btpmarket.ma\/?product=propam-refractario","og_site_name":"btpmarket","article_modified_time":"2024-05-30T18:21:22+00:00","og_image":[{"width":149,"height":194,"url":"https:\/\/btpmarket.ma\/wp-content\/uploads\/2024\/05\/1473413850raspardo.jpg","type":"image\/jpeg"}],"twitter_card":"summary_large_image","twitter_misc":{"Est. reading time":"1 minute"},"schema":{"@context":"https:\/\/schema.org","@graph":[{"@type":"WebPage","@id":"https:\/\/btpmarket.ma\/?product=propam-refractario","url":"https:\/\/btpmarket.ma\/?product=propam-refractario","name":"PROPAM REFRACTARIO - btpmarket","isPartOf":{"@id":"https:\/\/btpmarket.ma\/#website"},"primaryImageOfPage":{"@id":"https:\/\/btpmarket.ma\/?product=propam-refractario#primaryimage"},"image":{"@id":"https:\/\/btpmarket.ma\/?product=propam-refractario#primaryimage"},"thumbnailUrl":"https:\/\/btpmarket.ma\/wp-content\/uploads\/2024\/05\/1473413850raspardo.jpg","datePublished":"2024-05-30T18:21:21+00:00","dateModified":"2024-05-30T18:21:22+00:00","breadcrumb":{"@id":"https:\/\/btpmarket.ma\/?product=propam-refractario#breadcrumb"},"inLanguage":"en-US","potentialAction":[{"@type":"ReadAction","target":["https:\/\/btpmarket.ma\/?product=propam-refractario"]}]},{"@type":"ImageObject","inLanguage":"en-US","@id":"https:\/\/btpmarket.ma\/?product=propam-refractario#primaryimage","url":"https:\/\/btpmarket.ma\/wp-content\/uploads\/2024\/05\/1473413850raspardo.jpg","contentUrl":"https:\/\/btpmarket.ma\/wp-content\/uploads\/2024\/05\/1473413850raspardo.jpg","width":149,"height":194},{"@type":"BreadcrumbList","@id":"https:\/\/btpmarket.ma\/?product=propam-refractario#breadcrumb","itemListElement":[{"@type":"ListItem","position":1,"name":"Accueil","item":"https:\/\/btpmarket.ma\/"},{"@type":"ListItem","position":2,"name":"Products","item":"https:\/\/btpmarket.ma\/?post_type=product"},{"@type":"ListItem","position":3,"name":"PRODUITS SP\u00c9CIAUX","item":"https:\/\/btpmarket.ma\/?product_cat=produits-speciaux"},{"@type":"ListItem","position":4,"name":"MORTIER R\u00c9FRACTAIRE","item":"https:\/\/btpmarket.ma\/?product_cat=mortier-refractaire"},{"@type":"ListItem","position":5,"name":"PROPAM REFRACTARIO"}]},{"@type":"WebSite","@id":"https:\/\/btpmarket.ma\/#website","url":"https:\/\/btpmarket.ma\/","name":"btpmarket","description":"","publisher":{"@id":"https:\/\/btpmarket.ma\/#organization"},"potentialAction":[{"@type":"SearchAction","target":{"@type":"EntryPoint","urlTemplate":"https:\/\/btpmarket.ma\/?s={search_term_string}"},"query-input":"required name=search_term_string"}],"inLanguage":"en-US"},{"@type":"Organization","@id":"https:\/\/btpmarket.ma\/#organization","name":"btpmarket","url":"https:\/\/btpmarket.ma\/","logo":{"@type":"ImageObject","inLanguage":"en-US","@id":"https:\/\/btpmarket.ma\/#\/schema\/logo\/image\/","url":"https:\/\/btpmarket.ma\/wp-content\/uploads\/2024\/05\/Asset-1.png","contentUrl":"https:\/\/btpmarket.ma\/wp-content\/uploads\/2024\/05\/Asset-1.png","width":1000,"height":411,"caption":"btpmarket"},"image":{"@id":"https:\/\/btpmarket.ma\/#\/schema\/logo\/image\/"}}]}},"_links":{"self":[{"href":"https:\/\/btpmarket.ma\/index.php?rest_route=\/wp\/v2\/product\/4963"}],"collection":[{"href":"https:\/\/btpmarket.ma\/index.php?rest_route=\/wp\/v2\/product"}],"about":[{"href":"https:\/\/btpmarket.ma\/index.php?rest_route=\/wp\/v2\/types\/product"}],"replies":[{"embeddable":true,"href":"https:\/\/btpmarket.ma\/index.php?rest_route=%2Fwp%2Fv2%2Fcomments&post=4963"}],"wp:featuredmedia":[{"embeddable":true,"href":"https:\/\/btpmarket.ma\/index.php?rest_route=\/wp\/v2\/media\/4964"}],"wp:attachment":[{"href":"https:\/\/btpmarket.ma\/index.php?rest_route=%2Fwp%2Fv2%2Fmedia&parent=4963"}],"wp:term":[{"taxonomy":"product_cat","embeddable":true,"href":"https:\/\/btpmarket.ma\/index.php?rest_route=%2Fwp%2Fv2%2Fproduct_cat&post=4963"},{"taxonomy":"product_tag","embeddable":true,"href":"https:\/\/btpmarket.ma\/index.php?rest_route=%2Fwp%2Fv2%2Fproduct_tag&post=4963"}],"curies":[{"name":"wp","href":"https:\/\/api.w.org\/{rel}","templated":true}]}}