{"id":5009,"date":"2024-05-30T19:03:51","date_gmt":"2024-05-30T19:03:51","guid":{"rendered":"https:\/\/btpmarket.ma\/?post_type=product&#038;p=5009"},"modified":"2024-05-30T19:03:51","modified_gmt":"2024-05-30T19:03:51","slug":"carreaux-gris-fonce-mouchete-blanc","status":"publish","type":"product","link":"https:\/\/btpmarket.ma\/?product=carreaux-gris-fonce-mouchete-blanc","title":{"rendered":"CARREAUX GRIS FONCE MOUCHETE BLANC"},"content":{"rendered":"<h2>CARREAUX GRIS FONCE MOUCHETE BLANC<\/h2>\n<hr \/>\n<h3>1.Description<\/h3>\n<p>Leur couleur et la taille sont adapt\u00e9es pour les zones de petites et moyennes de vos locaux. La combinaison appropri\u00e9e peut \u00eatre r\u00e9alis\u00e9e avec des couleurs de terre et la lumi\u00e8re chaude attendant mobilier peut \u00eatre en colors.Fits diff\u00e9rentes assez bien pour les environnements modernes et classiques. Les grands avantages de carreaux de c\u00e9ramique comprennent leur rentabilit\u00e9, leur durabilit\u00e9 et leur facilit\u00e9 d&#8217;entretien, l&#8217;installation et la r\u00e9paration.<\/p>\n<h3><\/h3>\n<h3>2. detail techniques<\/h3>\n<p>&nbsp;<\/p>\n<table>\n<tbody>\n<tr>\n<td>Absaorbation d&#8217;eau\u00a0 :\u00a03%<\/p>\n<p>R\u00e9s. A l&#8217;abrision profonde :\u00a0 \u2264160 mm\u1d9f<\/p>\n<p>Resitance a\u00a0 la flixation : \u2265 1000<\/td>\n<td>Delatation termique : &lt; 7 X 10-6 \u00baC<\/p>\n<p>Resistance glasse : Resiste<\/p>\n<p>Res attaque chimique : classe UB<\/td>\n<td>Marque : RAK<\/p>\n<p>PAYS : Maroc<\/p>\n<p>&nbsp;<\/td>\n<\/tr>\n<\/tbody>\n<\/table>\n","protected":false},"excerpt":{"rendered":"<p>CARREAUX GRIS FONCE MOUCHETE BLANC dimension 40*40 Marque RAK de maroc<\/p>\n","protected":false},"featured_media":5011,"comment_status":"open","ping_status":"closed","template":"","meta":{"_acf_changed":false},"product_cat":[23,313],"product_tag":[],"acf":[],"yoast_head":"<!-- This site is optimized with the Yoast SEO plugin v22.7 - https:\/\/yoast.com\/wordpress\/plugins\/seo\/ -->\n<title>CARREAUX GRIS FONCE MOUCHETE BLANC - btpmarket<\/title>\n<meta name=\"robots\" content=\"index, follow, max-snippet:-1, max-image-preview:large, max-video-preview:-1\" \/>\n<link rel=\"canonical\" href=\"https:\/\/btpmarket.ma\/?product=carreaux-gris-fonce-mouchete-blanc\" \/>\n<meta property=\"og:locale\" content=\"en_US\" \/>\n<meta property=\"og:type\" content=\"article\" \/>\n<meta property=\"og:title\" content=\"CARREAUX GRIS FONCE MOUCHETE BLANC - btpmarket\" \/>\n<meta property=\"og:description\" content=\"CARREAUX GRIS FONCE MOUCHETE BLANC dimension 40*40 Marque RAK de maroc\" \/>\n<meta property=\"og:url\" content=\"https:\/\/btpmarket.ma\/?product=carreaux-gris-fonce-mouchete-blanc\" \/>\n<meta property=\"og:site_name\" content=\"btpmarket\" \/>\n<meta property=\"og:image\" content=\"https:\/\/btpmarket.ma\/wp-content\/uploads\/2024\/05\/1436613029carrelage-20140826042356.jpg\" \/>\n\t<meta property=\"og:image:width\" content=\"600\" \/>\n\t<meta property=\"og:image:height\" content=\"450\" \/>\n\t<meta property=\"og:image:type\" content=\"image\/jpeg\" \/>\n<meta name=\"twitter:card\" content=\"summary_large_image\" \/>\n<meta name=\"twitter:label1\" content=\"Est. reading time\" \/>\n\t<meta name=\"twitter:data1\" content=\"1 minute\" \/>\n<script type=\"application\/ld+json\" class=\"yoast-schema-graph\">{\"@context\":\"https:\/\/schema.org\",\"@graph\":[{\"@type\":\"WebPage\",\"@id\":\"https:\/\/btpmarket.ma\/?product=carreaux-gris-fonce-mouchete-blanc\",\"url\":\"https:\/\/btpmarket.ma\/?product=carreaux-gris-fonce-mouchete-blanc\",\"name\":\"CARREAUX GRIS FONCE MOUCHETE BLANC - btpmarket\",\"isPartOf\":{\"@id\":\"https:\/\/btpmarket.ma\/#website\"},\"primaryImageOfPage\":{\"@id\":\"https:\/\/btpmarket.ma\/?product=carreaux-gris-fonce-mouchete-blanc#primaryimage\"},\"image\":{\"@id\":\"https:\/\/btpmarket.ma\/?product=carreaux-gris-fonce-mouchete-blanc#primaryimage\"},\"thumbnailUrl\":\"https:\/\/btpmarket.ma\/wp-content\/uploads\/2024\/05\/1436613029carrelage-20140826042356.jpg\",\"datePublished\":\"2024-05-30T19:03:51+00:00\",\"dateModified\":\"2024-05-30T19:03:51+00:00\",\"breadcrumb\":{\"@id\":\"https:\/\/btpmarket.ma\/?product=carreaux-gris-fonce-mouchete-blanc#breadcrumb\"},\"inLanguage\":\"en-US\",\"potentialAction\":[{\"@type\":\"ReadAction\",\"target\":[\"https:\/\/btpmarket.ma\/?product=carreaux-gris-fonce-mouchete-blanc\"]}]},{\"@type\":\"ImageObject\",\"inLanguage\":\"en-US\",\"@id\":\"https:\/\/btpmarket.ma\/?product=carreaux-gris-fonce-mouchete-blanc#primaryimage\",\"url\":\"https:\/\/btpmarket.ma\/wp-content\/uploads\/2024\/05\/1436613029carrelage-20140826042356.jpg\",\"contentUrl\":\"https:\/\/btpmarket.ma\/wp-content\/uploads\/2024\/05\/1436613029carrelage-20140826042356.jpg\",\"width\":600,\"height\":450},{\"@type\":\"BreadcrumbList\",\"@id\":\"https:\/\/btpmarket.ma\/?product=carreaux-gris-fonce-mouchete-blanc#breadcrumb\",\"itemListElement\":[{\"@type\":\"ListItem\",\"position\":1,\"name\":\"Accueil\",\"item\":\"https:\/\/btpmarket.ma\/\"},{\"@type\":\"ListItem\",\"position\":2,\"name\":\"Products\",\"item\":\"https:\/\/btpmarket.ma\/?post_type=product\"},{\"@type\":\"ListItem\",\"position\":3,\"name\":\"CARREAUX ET C\u00c9RAMIQUE\",\"item\":\"https:\/\/btpmarket.ma\/?product_cat=carreaux-et-ceramique\"},{\"@type\":\"ListItem\",\"position\":4,\"name\":\"CARRELAGE\",\"item\":\"https:\/\/btpmarket.ma\/?product_cat=carrelage\"},{\"@type\":\"ListItem\",\"position\":5,\"name\":\"CARREAUX GRIS FONCE MOUCHETE BLANC\"}]},{\"@type\":\"WebSite\",\"@id\":\"https:\/\/btpmarket.ma\/#website\",\"url\":\"https:\/\/btpmarket.ma\/\",\"name\":\"btpmarket\",\"description\":\"\",\"publisher\":{\"@id\":\"https:\/\/btpmarket.ma\/#organization\"},\"potentialAction\":[{\"@type\":\"SearchAction\",\"target\":{\"@type\":\"EntryPoint\",\"urlTemplate\":\"https:\/\/btpmarket.ma\/?s={search_term_string}\"},\"query-input\":\"required name=search_term_string\"}],\"inLanguage\":\"en-US\"},{\"@type\":\"Organization\",\"@id\":\"https:\/\/btpmarket.ma\/#organization\",\"name\":\"btpmarket\",\"url\":\"https:\/\/btpmarket.ma\/\",\"logo\":{\"@type\":\"ImageObject\",\"inLanguage\":\"en-US\",\"@id\":\"https:\/\/btpmarket.ma\/#\/schema\/logo\/image\/\",\"url\":\"https:\/\/btpmarket.ma\/wp-content\/uploads\/2024\/05\/Asset-1.png\",\"contentUrl\":\"https:\/\/btpmarket.ma\/wp-content\/uploads\/2024\/05\/Asset-1.png\",\"width\":1000,\"height\":411,\"caption\":\"btpmarket\"},\"image\":{\"@id\":\"https:\/\/btpmarket.ma\/#\/schema\/logo\/image\/\"}}]}<\/script>\n<!-- \/ Yoast SEO plugin. -->","yoast_head_json":{"title":"CARREAUX GRIS FONCE MOUCHETE BLANC - btpmarket","robots":{"index":"index","follow":"follow","max-snippet":"max-snippet:-1","max-image-preview":"max-image-preview:large","max-video-preview":"max-video-preview:-1"},"canonical":"https:\/\/btpmarket.ma\/?product=carreaux-gris-fonce-mouchete-blanc","og_locale":"en_US","og_type":"article","og_title":"CARREAUX GRIS FONCE MOUCHETE BLANC - btpmarket","og_description":"CARREAUX GRIS FONCE MOUCHETE BLANC dimension 40*40 Marque RAK de maroc","og_url":"https:\/\/btpmarket.ma\/?product=carreaux-gris-fonce-mouchete-blanc","og_site_name":"btpmarket","og_image":[{"width":600,"height":450,"url":"https:\/\/btpmarket.ma\/wp-content\/uploads\/2024\/05\/1436613029carrelage-20140826042356.jpg","type":"image\/jpeg"}],"twitter_card":"summary_large_image","twitter_misc":{"Est. reading time":"1 minute"},"schema":{"@context":"https:\/\/schema.org","@graph":[{"@type":"WebPage","@id":"https:\/\/btpmarket.ma\/?product=carreaux-gris-fonce-mouchete-blanc","url":"https:\/\/btpmarket.ma\/?product=carreaux-gris-fonce-mouchete-blanc","name":"CARREAUX GRIS FONCE MOUCHETE BLANC - btpmarket","isPartOf":{"@id":"https:\/\/btpmarket.ma\/#website"},"primaryImageOfPage":{"@id":"https:\/\/btpmarket.ma\/?product=carreaux-gris-fonce-mouchete-blanc#primaryimage"},"image":{"@id":"https:\/\/btpmarket.ma\/?product=carreaux-gris-fonce-mouchete-blanc#primaryimage"},"thumbnailUrl":"https:\/\/btpmarket.ma\/wp-content\/uploads\/2024\/05\/1436613029carrelage-20140826042356.jpg","datePublished":"2024-05-30T19:03:51+00:00","dateModified":"2024-05-30T19:03:51+00:00","breadcrumb":{"@id":"https:\/\/btpmarket.ma\/?product=carreaux-gris-fonce-mouchete-blanc#breadcrumb"},"inLanguage":"en-US","potentialAction":[{"@type":"ReadAction","target":["https:\/\/btpmarket.ma\/?product=carreaux-gris-fonce-mouchete-blanc"]}]},{"@type":"ImageObject","inLanguage":"en-US","@id":"https:\/\/btpmarket.ma\/?product=carreaux-gris-fonce-mouchete-blanc#primaryimage","url":"https:\/\/btpmarket.ma\/wp-content\/uploads\/2024\/05\/1436613029carrelage-20140826042356.jpg","contentUrl":"https:\/\/btpmarket.ma\/wp-content\/uploads\/2024\/05\/1436613029carrelage-20140826042356.jpg","width":600,"height":450},{"@type":"BreadcrumbList","@id":"https:\/\/btpmarket.ma\/?product=carreaux-gris-fonce-mouchete-blanc#breadcrumb","itemListElement":[{"@type":"ListItem","position":1,"name":"Accueil","item":"https:\/\/btpmarket.ma\/"},{"@type":"ListItem","position":2,"name":"Products","item":"https:\/\/btpmarket.ma\/?post_type=product"},{"@type":"ListItem","position":3,"name":"CARREAUX ET C\u00c9RAMIQUE","item":"https:\/\/btpmarket.ma\/?product_cat=carreaux-et-ceramique"},{"@type":"ListItem","position":4,"name":"CARRELAGE","item":"https:\/\/btpmarket.ma\/?product_cat=carrelage"},{"@type":"ListItem","position":5,"name":"CARREAUX GRIS FONCE MOUCHETE BLANC"}]},{"@type":"WebSite","@id":"https:\/\/btpmarket.ma\/#website","url":"https:\/\/btpmarket.ma\/","name":"btpmarket","description":"","publisher":{"@id":"https:\/\/btpmarket.ma\/#organization"},"potentialAction":[{"@type":"SearchAction","target":{"@type":"EntryPoint","urlTemplate":"https:\/\/btpmarket.ma\/?s={search_term_string}"},"query-input":"required name=search_term_string"}],"inLanguage":"en-US"},{"@type":"Organization","@id":"https:\/\/btpmarket.ma\/#organization","name":"btpmarket","url":"https:\/\/btpmarket.ma\/","logo":{"@type":"ImageObject","inLanguage":"en-US","@id":"https:\/\/btpmarket.ma\/#\/schema\/logo\/image\/","url":"https:\/\/btpmarket.ma\/wp-content\/uploads\/2024\/05\/Asset-1.png","contentUrl":"https:\/\/btpmarket.ma\/wp-content\/uploads\/2024\/05\/Asset-1.png","width":1000,"height":411,"caption":"btpmarket"},"image":{"@id":"https:\/\/btpmarket.ma\/#\/schema\/logo\/image\/"}}]}},"_links":{"self":[{"href":"https:\/\/btpmarket.ma\/index.php?rest_route=\/wp\/v2\/product\/5009"}],"collection":[{"href":"https:\/\/btpmarket.ma\/index.php?rest_route=\/wp\/v2\/product"}],"about":[{"href":"https:\/\/btpmarket.ma\/index.php?rest_route=\/wp\/v2\/types\/product"}],"replies":[{"embeddable":true,"href":"https:\/\/btpmarket.ma\/index.php?rest_route=%2Fwp%2Fv2%2Fcomments&post=5009"}],"wp:featuredmedia":[{"embeddable":true,"href":"https:\/\/btpmarket.ma\/index.php?rest_route=\/wp\/v2\/media\/5011"}],"wp:attachment":[{"href":"https:\/\/btpmarket.ma\/index.php?rest_route=%2Fwp%2Fv2%2Fmedia&parent=5009"}],"wp:term":[{"taxonomy":"product_cat","embeddable":true,"href":"https:\/\/btpmarket.ma\/index.php?rest_route=%2Fwp%2Fv2%2Fproduct_cat&post=5009"},{"taxonomy":"product_tag","embeddable":true,"href":"https:\/\/btpmarket.ma\/index.php?rest_route=%2Fwp%2Fv2%2Fproduct_tag&post=5009"}],"curies":[{"name":"wp","href":"https:\/\/api.w.org\/{rel}","templated":true}]}}